{"id":237,"date":"2026-03-12T12:47:35","date_gmt":"2026-03-12T09:47:35","guid":{"rendered":"https:\/\/adolcedisticaret.com.tr\/?page_id=237"},"modified":"2026-03-12T12:49:57","modified_gmt":"2026-03-12T09:49:57","slug":"hakkimizda","status":"publish","type":"page","link":"https:\/\/adolcedisticaret.com.tr\/index.php\/hakkimizda\/","title":{"rendered":"Hakk\u0131m\u0131zda"},"content":{"rendered":"<p>[et_pb_section fb_built=&#8221;1&#8243; _builder_version=&#8221;4.27.4&#8243; _module_preset=&#8221;default&#8221; custom_padding=&#8221;6px|||||&#8221; global_colors_info=&#8221;{}&#8221; theme_builder_area=&#8221;post_content&#8221;][et_pb_row use_custom_gutter=&#8221;on&#8221; gutter_width=&#8221;2&#8243; _builder_version=&#8221;4.27.4&#8243; _module_preset=&#8221;default&#8221; width=&#8221;90%&#8221; max_width=&#8221;1120px&#8221; custom_padding=&#8221;36px|||||&#8221; global_colors_info=&#8221;{}&#8221; theme_builder_area=&#8221;post_content&#8221;][et_pb_column type=&#8221;4_4&#8243; _builder_version=&#8221;4.27.4&#8243; _module_preset=&#8221;default&#8221; global_colors_info=&#8221;{}&#8221; theme_builder_area=&#8221;post_content&#8221;][et_pb_post_title meta=&#8221;off&#8221; featured_image=&#8221;off&#8221; _builder_version=&#8221;4.27.4&#8243; _module_preset=&#8221;default&#8221; title_font=&#8221;|700|||||||&#8221; global_colors_info=&#8221;{}&#8221; theme_builder_area=&#8221;post_content&#8221;][\/et_pb_post_title][\/et_pb_column][\/et_pb_row][et_pb_row use_custom_gutter=&#8221;on&#8221; gutter_width=&#8221;2&#8243; _builder_version=&#8221;4.27.4&#8243; _module_preset=&#8221;default&#8221; width=&#8221;90%&#8221; max_width=&#8221;1120px&#8221; global_colors_info=&#8221;{}&#8221; theme_builder_area=&#8221;post_content&#8221; custom_padding=&#8221;9px|||||&#8221;][et_pb_column type=&#8221;4_4&#8243; _builder_version=&#8221;4.27.4&#8243; _module_preset=&#8221;default&#8221; global_colors_info=&#8221;{}&#8221; theme_builder_area=&#8221;post_content&#8221;][et_pb_text _builder_version=&#8221;4.27.4&#8243; _module_preset=&#8221;default&#8221; theme_builder_area=&#8221;post_content&#8221; text_text_color=&#8221;#000000&#8243; hover_enabled=&#8221;0&#8243; sticky_enabled=&#8221;0&#8243;]<\/p>\n<p>Adolce D\u0131\u015f Ticaret,, tecr\u00fcbesi, gen\u00e7 ve nitelikli i\u015fg\u00fcc\u00fc, geni\u015f d\u0131\u015f ili\u015fkileriyle uluslararas\u0131 pazarlarda i\u015f geli\u015ftirme misyonunu \u00fcstlenmi\u015ftir. Adolce D\u0131\u015f Ticaret,, topluluk \u00fcr\u00fcnlerinin yan\u0131 s\u0131ra yurt i\u00e7indeki pek \u00e7ok \u00fcreticinin \u00fcr\u00fcnlerini de d\u00fcnya pazarlar\u0131yla bulu\u015fturmaktad\u0131r.<\/p>\n<p>\u00dcst\u00fcn Nitelikli Ekip ve \u00c7a\u011fda\u015f Altyap\u0131s\u0131 ile Adolce D\u0131\u015f Ticaret, olarak farkl\u0131l\u0131\u011f\u0131m\u0131z\u0131 yaratan en \u00f6nemli unsur; mesle\u011finde en iyi olmak i\u00e7in gereken e\u011fitim, deneyim ve \u00f6zelliklere sahip, kendini d\u0131\u015f ticaret hizmetine adam\u0131\u015f, \u00f6zverili ekibimizdir.<\/p>\n<p>Adolce D\u0131\u015f Ticaret,, de\u011ferlerimizi tam olarak yans\u0131tan, \u00e7al\u0131\u015fanlar\u0131n potansiyellerini en \u00fcst d\u00fczeyde kullanabilmelerine ve geli\u015ftirebilmelerine olanak sa\u011flayan \u00e7al\u0131\u015fma ortam\u0131yla, her zaman en iyilerin yeti\u015fti\u011fi, \u00e7al\u0131\u015ft\u0131\u011f\u0131 ve tercih etti\u011fi kurum olacakt\u0131r. Sundu\u011fumuz t\u00fcm hizmetlerde m\u00fckemmeliyete ula\u015fmam\u0131za olanak sa\u011flayacak en \u00f6nemli unsurlardan birisi de \u00e7a\u011fda\u015f altyap\u0131m\u0131zd\u0131r. Bu nedenle, teknolojideki geli\u015fmeleri izleyerek, hizmetlerimizin etkinli\u011fini, kalitesini ve verimlili\u011fini artt\u0131rmak i\u00e7in en g\u00fcncel teknolojilerle altyap\u0131m\u0131z\u0131 s\u00fcrekli geli\u015ftirmekteyiz.<\/p>\n<p>T\u00fcrkiye\u2019de d\u0131\u015f ticaret mevzuat\u0131 konusundaki geli\u015fmeleri s\u00fcrekli olarak izleyip, uluslararas\u0131 kabul g\u00f6rm\u00fc\u015f standartlar\u0131, y\u00f6ntem ve uygulamalar\u0131 \u00fclkemize getirmeyi, firmalar\u0131n ithalat ve ihracat\u0131n geli\u015fimine aktif olarak katk\u0131da bulunmay\u0131, d\u0131\u015f ticaret hizmeti sunumunda yeni i\u015f modelleri geli\u015ftirmeyi ve her zaman farkl\u0131l\u0131k yaratacak yeniliklerle \u00f6nc\u00fc ve \u00f6rnek olmay\u0131 hedefliyoruz.<\/p>\n<p>[\/et_pb_text][\/et_pb_column][\/et_pb_row][\/et_pb_section]<\/p>\n","protected":false},"excerpt":{"rendered":"<p>Adolce D\u0131\u015f Ticaret,, tecr\u00fcbesi, gen\u00e7 ve nitelikli i\u015fg\u00fcc\u00fc, geni\u015f d\u0131\u015f ili\u015fkileriyle uluslararas\u0131 pazarlarda i\u015f geli\u015ftirme misyonunu \u00fcstlenmi\u015ftir. Adolce D\u0131\u015f Ticaret,, topluluk \u00fcr\u00fcnlerinin yan\u0131 s\u0131ra yurt i\u00e7indeki pek \u00e7ok \u00fcreticinin \u00fcr\u00fcnlerini de d\u00fcnya pazarlar\u0131yla bulu\u015fturmaktad\u0131r. \u00dcst\u00fcn Nitelikli Ekip ve \u00c7a\u011fda\u015f Altyap\u0131s\u0131 ile Adolce D\u0131\u015f Ticaret, olarak farkl\u0131l\u0131\u011f\u0131m\u0131z\u0131 yaratan en \u00f6nemli unsur; mesle\u011finde en iyi olmak i\u00e7in [&hellip;]<\/p>\n","protected":false},"author":1,"featured_media":0,"parent":0,"menu_order":0,"comment_status":"closed","ping_status":"closed","template":"","meta":{"_et_pb_use_builder":"on","_et_pb_old_content":"<!-- wp:divi\/placeholder \/-->","_et_gb_content_width":"","footnotes":""},"class_list":["post-237","page","type-page","status-publish","hentry"],"_links":{"self":[{"href":"https:\/\/adolcedisticaret.com.tr\/index.php\/wp-json\/wp\/v2\/pages\/237","targetHints":{"allow":["GET"]}}],"collection":[{"href":"https:\/\/adolcedisticaret.com.tr\/index.php\/wp-json\/wp\/v2\/pages"}],"about":[{"href":"https:\/\/adolcedisticaret.com.tr\/index.php\/wp-json\/wp\/v2\/types\/page"}],"author":[{"embeddable":true,"href":"https:\/\/adolcedisticaret.com.tr\/index.php\/wp-json\/wp\/v2\/users\/1"}],"replies":[{"embeddable":true,"href":"https:\/\/adolcedisticaret.com.tr\/index.php\/wp-json\/wp\/v2\/comments?post=237"}],"version-history":[{"count":3,"href":"https:\/\/adolcedisticaret.com.tr\/index.php\/wp-json\/wp\/v2\/pages\/237\/revisions"}],"predecessor-version":[{"id":241,"href":"https:\/\/adolcedisticaret.com.tr\/index.php\/wp-json\/wp\/v2\/pages\/237\/revisions\/241"}],"wp:attachment":[{"href":"https:\/\/adolcedisticaret.com.tr\/index.php\/wp-json\/wp\/v2\/media?parent=237"}],"curies":[{"name":"wp","href":"https:\/\/api.w.org\/{rel}","templated":true}]}}